{"id":978,"date":"2025-04-21T14:18:16","date_gmt":"2025-04-21T13:18:16","guid":{"rendered":"https:\/\/taulandajupi.com\/?page_id=978"},"modified":"2025-04-27T09:08:33","modified_gmt":"2025-04-27T08:08:33","slug":"ncast-me-taulanden","status":"publish","type":"page","link":"https:\/\/taulandajupi.com\/?page_id=978","title":{"rendered":"n&#8217;\u00c7ast me Tauland\u00ebn"},"content":{"rendered":"\n<div style=\"height:100px\" aria-hidden=\"true\" class=\"wp-block-spacer\"><\/div>\n\n\n\n<h2>Episodi 6 &#8211; Sh\u00ebrimi q\u00eb Shqip\u00ebria ka nevoj\u00eb<\/h2>\n\n\n\n<p>I ftuar <a href=\"https:\/\/www.facebook.com\/profile.php?id=61573001773951&amp;__cft__[0]=AZXERdKzmbvR3LvhpNwCVyBT9THD7ZjPW5y2THtBPK_SKuIpqeQ9f3oerTaOI76Ts_NPOE14SOkBqldr12QWZtkEQR4Gwjbtd7F8wtqJFVhnocVgK9hKoCCdkyQ5mrRfOQSDQ79OANB7SaSV8gcWoZEvURlPU5Bxi2ZJxig_mPzk1VrUVuTK8aEFv2DDwSwwSBmBiIgae5PxjlOMDLqc5bjr&amp;__tn__=-]K-R\">Neli Demi<\/a>, kandidat p\u00ebr deputet i Koalicionit Euroatlantik n\u00eb Qarkun e Tiran\u00ebs<\/p>\n\n\n\n<iframe loading=\"lazy\" src=\"https:\/\/www.facebook.com\/plugins\/video.php?height=314&#038;href=https%3A%2F%2Fwww.facebook.com%2Ftaulanda%2Fvideos%2F1921474875264589%2F&#038;show_text=false&#038;width=560&#038;t=0\" width=\"100%\" height=\"450\" style=\"border:none;overflow:hidden\" scrolling=\"no\" frameborder=\"0\" allowfullscreen=\"true\" allow=\"autoplay; clipboard-write; encrypted-media; picture-in-picture; web-share\" allowFullScreen=\"true\"><\/iframe>\n\n\n\n<div style=\"height:100px\" aria-hidden=\"true\" class=\"wp-block-spacer\"><\/div>\n\n\n\n<h2>Episodi 5 &#8211; Prona: 7501 Probleme me 1 Zgjidhje<\/h2>\n\n\n\n<p>i ftuar <a href=\"https:\/\/www.facebook.com\/profile.php?id=100088744912469&amp;__cft__[0]=AZXKpeeuvKQ2rBOfbTeiVwyTiRjrH93ND5E5k11tvLVmZfhe0wTtxwQDJdzDy9Cni6udDiWGIiJxM6RV9L4j2MiRteca_L9TZUHjO-G-M8bsnr2wf1cbLvgS8Ls1hWq77ldPItkJgCeozwczwqJuTjIvAnPOfpBFIBy_k9Um3XjVBIxrh8cAMuZiWQSl5YX8XuGKxGN8MdzgvS49-g17isxI&amp;__tn__=-]K-R\">Joni Myshketa<\/a>, kandidat p\u00ebr deputet i Koalicionit Euroatlantik n\u00eb Qarkun e Durr\u00ebsit.<\/p>\n\n\n\n<iframe loading=\"lazy\" src=\"https:\/\/www.facebook.com\/plugins\/video.php?height=314&#038;href=https%3A%2F%2Fwww.facebook.com%2Ftaulanda%2Fvideos%2F954572863417793%2F&#038;show_text=false&#038;width=560&#038;t=0\" width=\"100%\" height=\"450\" style=\"border:none;overflow:hidden\" scrolling=\"no\" frameborder=\"0\" allowfullscreen=\"true\" allow=\"autoplay; clipboard-write; encrypted-media; picture-in-picture; web-share\" allowFullScreen=\"true\"><\/iframe>\n\n\n\n<div style=\"height:100px\" aria-hidden=\"true\" class=\"wp-block-spacer\"><\/div>\n\n\n\n<h2>Episodi 4 &#8211; Vlora post-Rama<\/h2>\n\n\n\n<p>I ftuar&nbsp;Gjergji Nika, kandidat p\u00ebr deputet i Koalicionit Euroatlantik n\u00eb Qarkun e Vlor\u00ebs.<\/p>\n\n\n\n<iframe loading=\"lazy\" src=\"https:\/\/www.facebook.com\/plugins\/video.php?height=314&#038;href=https%3A%2F%2Fwww.facebook.com%2Ftaulanda%2Fvideos%2F1196604895195332%2F&#038;show_text=false&#038;width=560&#038;t=0\" width=\"100%\" height=\"450\" style=\"border:none;overflow:hidden\" scrolling=\"no\" frameborder=\"0\" allowfullscreen=\"true\" allow=\"autoplay; clipboard-write; encrypted-media; picture-in-picture; web-share\" allowFullScreen=\"true\"><\/iframe>\n\n\n\n<div style=\"height:100px\" aria-hidden=\"true\" class=\"wp-block-spacer\"><\/div>\n\n\n\n<h2>Episodi 3 &#8211; Diaspora si realitet politik<\/h2>\n\n\n\n<p>I ftuar Naim&nbsp;Hasani, kandidat p\u00ebr deputet i Koalicionit Euroatlantik n\u00eb Qarkun e Shkodr\u00ebs<\/p>\n\n\n\n<iframe loading=\"lazy\" src=\"https:\/\/www.facebook.com\/plugins\/video.php?height=314&#038;href=https%3A%2F%2Fwww.facebook.com%2Ftaulanda%2Fvideos%2F1719815775412520%2F&#038;show_text=false&#038;width=560&#038;t=0\" width=\"100%\" height=\"450\" style=\"border:none;overflow:hidden\" scrolling=\"no\" frameborder=\"0\" allowfullscreen=\"true\" allow=\"autoplay; clipboard-write; encrypted-media; picture-in-picture; web-share\" allowFullScreen=\"true\"><\/iframe>\n\n\n\n<div style=\"height:100px\" aria-hidden=\"true\" class=\"wp-block-spacer\"><\/div>\n\n\n\n<h2>&nbsp;Episodi 2 &#8211; Vlerat e Europ\u00ebs<\/h2>\n\n\n\n<p>I ftuar&nbsp;<a href=\"https:\/\/www.facebook.com\/profile.php?id=61574088303569&amp;__tn__=-]K-R\">Franc Shk\u00ebmbi<\/a>, kandidat p\u00ebr deputet i Koalicionit Euroatlantik n\u00eb Qarkun e Shkodr\u00ebs<\/p>\n\n\n\n<iframe loading=\"lazy\" src=\"https:\/\/www.facebook.com\/plugins\/video.php?height=314&#038;href=https%3A%2F%2Fwww.facebook.com%2Ftaulanda%2Fvideos%2F4062748404003772%2F&#038;show_text=false&#038;width=560&#038;t=0\" width=\"100%\" height=\"450\" style=\"border:none;overflow:hidden\" scrolling=\"no\" frameborder=\"0\" allowfullscreen=\"true\" allow=\"autoplay; clipboard-write; encrypted-media; picture-in-picture; web-share\" allowFullScreen=\"true\"><\/iframe>\n\n\n\n<div style=\"height:100px\" aria-hidden=\"true\" class=\"wp-block-spacer\"><\/div>\n\n\n\n<h2>Episodi 1 &#8211; Rrug\u00ebtimi<\/h2>\n\n\n\n<p>E ftuar&nbsp;<a href=\"https:\/\/www.facebook.com\/marinela.ziu?__tn__=-]K-R\">Marinela Ziu<\/a>, kandidate p\u00ebr deputete e Koalicionit Euroatlantik n\u00eb Qarkun e Kor\u00e7\u00ebs<\/p>\n\n\n\n<iframe loading=\"lazy\" src=\"https:\/\/www.facebook.com\/plugins\/video.php?height=314&#038;href=https%3A%2F%2Fwww.facebook.com%2Ftaulanda%2Fvideos%2F841080421545581%2F&#038;show_text=false&#038;width=560&#038;t=0\" width=\"100%\" height=\"450\" style=\"border:none;overflow:hidden\" scrolling=\"no\" frameborder=\"0\" allowfullscreen=\"true\" allow=\"autoplay; clipboard-write; encrypted-media; picture-in-picture; web-share\" allowFullScreen=\"true\"><\/iframe>\n","protected":false},"excerpt":{"rendered":"Episodi 6 &#8211; Sh\u00ebrimi q\u00eb Shqip\u00ebria ka nevoj\u00eb I ftuar Neli Demi, kandidat p\u00ebr deputet i Koalicionit Euroatlantik n\u00eb Qarkun e Tiran\u00ebs Episodi 5 &#8211; Prona: 7501 Probleme me 1 Zgjidhje i ftuar Joni Myshketa, kandidat p\u00ebr deputet i Koalicionit Euroatlantik n\u00eb Qarkun e Durr\u00ebsit. Episodi 4 &#8211; Vlora post-Rama I ftuar&nbsp;Gjergji Nika, kandidat p\u00ebr[&#8230;]","protected":false},"author":1,"featured_media":0,"parent":0,"menu_order":0,"comment_status":"closed","ping_status":"closed","template":"","meta":[],"yoast_head":"<!-- This site is optimized with the Yoast SEO plugin v18.5.1 - https:\/\/yoast.com\/wordpress\/plugins\/seo\/ -->\n<title>n&#039;\u00c7ast me Tauland\u00ebn - Taulanda Jupi<\/title>\n<meta name=\"robots\" content=\"index, follow, max-snippet:-1, max-image-preview:large, max-video-preview:-1\" \/>\n<link rel=\"canonical\" href=\"https:\/\/taulandajupi.com\/?page_id=978\" \/>\n<meta property=\"og:locale\" content=\"en_US\" \/>\n<meta property=\"og:type\" content=\"article\" \/>\n<meta property=\"og:title\" content=\"n&#039;\u00c7ast me Tauland\u00ebn - Taulanda Jupi\" \/>\n<meta property=\"og:description\" content=\"Episodi 6 &#8211; Sh\u00ebrimi q\u00eb Shqip\u00ebria ka nevoj\u00eb I ftuar Neli Demi, kandidat p\u00ebr deputet i Koalicionit Euroatlantik n\u00eb Qarkun e Tiran\u00ebs Episodi 5 &#8211; Prona: 7501 Probleme me 1 Zgjidhje i ftuar Joni Myshketa, kandidat p\u00ebr deputet i Koalicionit Euroatlantik n\u00eb Qarkun e Durr\u00ebsit. Episodi 4 &#8211; Vlora post-Rama I ftuar&nbsp;Gjergji Nika, kandidat p\u00ebr[...]\" \/>\n<meta property=\"og:url\" content=\"https:\/\/taulandajupi.com\/?page_id=978\" \/>\n<meta property=\"og:site_name\" content=\"Taulanda Jupi\" \/>\n<meta property=\"article:modified_time\" content=\"2025-04-27T08:08:33+00:00\" \/>\n<meta name=\"twitter:card\" content=\"summary_large_image\" \/>\n<meta name=\"twitter:label1\" content=\"Est. reading time\" \/>\n\t<meta name=\"twitter:data1\" content=\"1 minute\" \/>\n<script type=\"application\/ld+json\" class=\"yoast-schema-graph\">{\"@context\":\"https:\/\/schema.org\",\"@graph\":[{\"@type\":\"WebSite\",\"@id\":\"https:\/\/taulandajupi.com\/#website\",\"url\":\"https:\/\/taulandajupi.com\/\",\"name\":\"Taulanda Jupi\",\"description\":\"Profesor i Asociuar, Universiteti i Arteve | Edukim | Kultur\u00eb | Art | Sociale\",\"potentialAction\":[{\"@type\":\"SearchAction\",\"target\":{\"@type\":\"EntryPoint\",\"urlTemplate\":\"https:\/\/taulandajupi.com\/?s={search_term_string}\"},\"query-input\":\"required name=search_term_string\"}],\"inLanguage\":\"en-US\"},{\"@type\":\"WebPage\",\"@id\":\"https:\/\/taulandajupi.com\/?page_id=978#webpage\",\"url\":\"https:\/\/taulandajupi.com\/?page_id=978\",\"name\":\"n'\u00c7ast me Tauland\u00ebn - Taulanda Jupi\",\"isPartOf\":{\"@id\":\"https:\/\/taulandajupi.com\/#website\"},\"datePublished\":\"2025-04-21T13:18:16+00:00\",\"dateModified\":\"2025-04-27T08:08:33+00:00\",\"breadcrumb\":{\"@id\":\"https:\/\/taulandajupi.com\/?page_id=978#breadcrumb\"},\"inLanguage\":\"en-US\",\"potentialAction\":[{\"@type\":\"ReadAction\",\"target\":[\"https:\/\/taulandajupi.com\/?page_id=978\"]}]},{\"@type\":\"BreadcrumbList\",\"@id\":\"https:\/\/taulandajupi.com\/?page_id=978#breadcrumb\",\"itemListElement\":[{\"@type\":\"ListItem\",\"position\":1,\"name\":\"Home\",\"item\":\"https:\/\/taulandajupi.com\/\"},{\"@type\":\"ListItem\",\"position\":2,\"name\":\"n&#8217;\u00c7ast me Tauland\u00ebn\"}]}]}<\/script>\n<!-- \/ Yoast SEO plugin. -->","yoast_head_json":{"title":"n'\u00c7ast me Tauland\u00ebn - Taulanda Jupi","robots":{"index":"index","follow":"follow","max-snippet":"max-snippet:-1","max-image-preview":"max-image-preview:large","max-video-preview":"max-video-preview:-1"},"canonical":"https:\/\/taulandajupi.com\/?page_id=978","og_locale":"en_US","og_type":"article","og_title":"n'\u00c7ast me Tauland\u00ebn - Taulanda Jupi","og_description":"Episodi 6 &#8211; Sh\u00ebrimi q\u00eb Shqip\u00ebria ka nevoj\u00eb I ftuar Neli Demi, kandidat p\u00ebr deputet i Koalicionit Euroatlantik n\u00eb Qarkun e Tiran\u00ebs Episodi 5 &#8211; Prona: 7501 Probleme me 1 Zgjidhje i ftuar Joni Myshketa, kandidat p\u00ebr deputet i Koalicionit Euroatlantik n\u00eb Qarkun e Durr\u00ebsit. Episodi 4 &#8211; Vlora post-Rama I ftuar&nbsp;Gjergji Nika, kandidat p\u00ebr[...]","og_url":"https:\/\/taulandajupi.com\/?page_id=978","og_site_name":"Taulanda Jupi","article_modified_time":"2025-04-27T08:08:33+00:00","twitter_card":"summary_large_image","twitter_misc":{"Est. reading time":"1 minute"},"schema":{"@context":"https:\/\/schema.org","@graph":[{"@type":"WebSite","@id":"https:\/\/taulandajupi.com\/#website","url":"https:\/\/taulandajupi.com\/","name":"Taulanda Jupi","description":"Profesor i Asociuar, Universiteti i Arteve | Edukim | Kultur\u00eb | Art | Sociale","potentialAction":[{"@type":"SearchAction","target":{"@type":"EntryPoint","urlTemplate":"https:\/\/taulandajupi.com\/?s={search_term_string}"},"query-input":"required name=search_term_string"}],"inLanguage":"en-US"},{"@type":"WebPage","@id":"https:\/\/taulandajupi.com\/?page_id=978#webpage","url":"https:\/\/taulandajupi.com\/?page_id=978","name":"n'\u00c7ast me Tauland\u00ebn - Taulanda Jupi","isPartOf":{"@id":"https:\/\/taulandajupi.com\/#website"},"datePublished":"2025-04-21T13:18:16+00:00","dateModified":"2025-04-27T08:08:33+00:00","breadcrumb":{"@id":"https:\/\/taulandajupi.com\/?page_id=978#breadcrumb"},"inLanguage":"en-US","potentialAction":[{"@type":"ReadAction","target":["https:\/\/taulandajupi.com\/?page_id=978"]}]},{"@type":"BreadcrumbList","@id":"https:\/\/taulandajupi.com\/?page_id=978#breadcrumb","itemListElement":[{"@type":"ListItem","position":1,"name":"Home","item":"https:\/\/taulandajupi.com\/"},{"@type":"ListItem","position":2,"name":"n&#8217;\u00c7ast me Tauland\u00ebn"}]}]}},"_links":{"self":[{"href":"https:\/\/taulandajupi.com\/index.php?rest_route=\/wp\/v2\/pages\/978"}],"collection":[{"href":"https:\/\/taulandajupi.com\/index.php?rest_route=\/wp\/v2\/pages"}],"about":[{"href":"https:\/\/taulandajupi.com\/index.php?rest_route=\/wp\/v2\/types\/page"}],"author":[{"embeddable":true,"href":"https:\/\/taulandajupi.com\/index.php?rest_route=\/wp\/v2\/users\/1"}],"replies":[{"embeddable":true,"href":"https:\/\/taulandajupi.com\/index.php?rest_route=%2Fwp%2Fv2%2Fcomments&post=978"}],"version-history":[{"count":7,"href":"https:\/\/taulandajupi.com\/index.php?rest_route=\/wp\/v2\/pages\/978\/revisions"}],"predecessor-version":[{"id":988,"href":"https:\/\/taulandajupi.com\/index.php?rest_route=\/wp\/v2\/pages\/978\/revisions\/988"}],"wp:attachment":[{"href":"https:\/\/taulandajupi.com\/index.php?rest_route=%2Fwp%2Fv2%2Fmedia&parent=978"}],"curies":[{"name":"wp","href":"https:\/\/api.w.org\/{rel}","templated":true}]}}